{"id":4,"date":"2017-02-04T20:28:52","date_gmt":"2017-02-04T19:28:52","guid":{"rendered":"http:\/\/panschk.de\/madagassisch.de\/?page_id=4"},"modified":"2017-02-04T20:28:52","modified_gmt":"2017-02-04T19:28:52","slug":"worum-geht-es-hier","status":"publish","type":"page","link":"http:\/\/www.panschk.de\/madagassisch.de\/worum-geht-es-hier\/","title":{"rendered":"Worum geht es hier?"},"content":{"rendered":"<p>Informationen zum Thema &#8222;Madagassisch lernen&#8220; sind sicherlich eher ein Nischenthema, insbesondere in deutscher Sprache, da gibt es mehr Materialien auf franz\u00f6sisch und englisch im Internet. Trotzdem war ich \u00fcberrascht, wie wenig wirklich relevante Treffer eine Google-Suche nach Begriffen wie &#8222;Madagassisch lernen&#8220; ergab. Deswegen ist das Ziel dieser Seite, an diesem Sachverhalt wenigstens ein bisschen was zu \u00e4ndern &#8211; auch wenn das Publikum \u00fcberschaubar sein sollte. Geplant sind sowohl Artikel zu Details der madagassischen Sprache wie Besprechungen bereits vorhandener Ressourcen. Dieser Seite wird von mir pers\u00f6nlich als Blog betrieben, entsprechend spiegeln die Aussagen hier meine pers\u00f6nliche Meinung wieder und erheben nicht den Anspruch auf Objektivit\u00e4t.\u00a0Meine Frau Tahina wird eventuell auch einige Artikel ver\u00f6ffentlichen und dabei die Perspektive einer Madagassin in Deutschland beitragen k\u00f6nnen.<\/p>\n<p><img decoding=\"async\" loading=\"lazy\" class=\"alignnone wp-image-6\" src=\"http:\/\/panschk.de\/madagassisch.de\/wp-content\/uploads\/2017\/02\/fandriana_landschaft_-300x72.jpg\" alt=\"\" width=\"438\" height=\"105\" srcset=\"http:\/\/www.panschk.de\/madagassisch.de\/wp-content\/uploads\/2017\/02\/fandriana_landschaft_-300x72.jpg 300w, http:\/\/www.panschk.de\/madagassisch.de\/wp-content\/uploads\/2017\/02\/fandriana_landschaft_-768x185.jpg 768w, http:\/\/www.panschk.de\/madagassisch.de\/wp-content\/uploads\/2017\/02\/fandriana_landschaft_.jpg 856w\" sizes=\"(max-width: 438px) 100vw, 438px\" \/><\/p>\n","protected":false},"excerpt":{"rendered":"<p>Informationen zum Thema &#8222;Madagassisch lernen&#8220; sind sicherlich eher ein Nischenthema, insbesondere in deutscher Sprache, da gibt es mehr Materialien auf franz\u00f6sisch und englisch im Internet. Trotzdem war ich \u00fcberrascht, wie wenig wirklich relevante Treffer eine Google-Suche nach Begriffen wie &#8222;Madagassisch lernen&#8220; ergab. Deswegen ist das Ziel dieser Seite, an diesem Sachverhalt wenigstens ein bisschen was &hellip; <\/p>\n<p class=\"link-more\"><a href=\"http:\/\/www.panschk.de\/madagassisch.de\/worum-geht-es-hier\/\" class=\"more-link\"><span class=\"screen-reader-text\">&#8222;Worum geht es hier?&#8220;<\/span> weiterlesen<\/a><\/p>\n","protected":false},"author":1,"featured_media":0,"parent":0,"menu_order":0,"comment_status":"closed","ping_status":"closed","template":"","meta":[],"_links":{"self":[{"href":"http:\/\/www.panschk.de\/madagassisch.de\/wp-json\/wp\/v2\/pages\/4"}],"collection":[{"href":"http:\/\/www.panschk.de\/madagassisch.de\/wp-json\/wp\/v2\/pages"}],"about":[{"href":"http:\/\/www.panschk.de\/madagassisch.de\/wp-json\/wp\/v2\/types\/page"}],"author":[{"embeddable":true,"href":"http:\/\/www.panschk.de\/madagassisch.de\/wp-json\/wp\/v2\/users\/1"}],"replies":[{"embeddable":true,"href":"http:\/\/www.panschk.de\/madagassisch.de\/wp-json\/wp\/v2\/comments?post=4"}],"version-history":[{"count":4,"href":"http:\/\/www.panschk.de\/madagassisch.de\/wp-json\/wp\/v2\/pages\/4\/revisions"}],"predecessor-version":[{"id":9,"href":"http:\/\/www.panschk.de\/madagassisch.de\/wp-json\/wp\/v2\/pages\/4\/revisions\/9"}],"wp:attachment":[{"href":"http:\/\/www.panschk.de\/madagassisch.de\/wp-json\/wp\/v2\/media?parent=4"}],"curies":[{"name":"wp","href":"https:\/\/api.w.org\/{rel}","templated":true}]}}